?
12
What is the remainder when 73 is divided by 5?
3
What is the remainder when 115 is divided by 36?
7
Calculate the remainder when 58 is divided by 9.
4
Calculate the remainder when 501 is divided by 42.
39
Calculate the remainder when 11879 is divided by 220.
219
Calculate the remainder when 479 is divided by 72.
47
What is the remainder when 1398 is divided by 78?
72
What is the remainder when 1645 is divided by 233?
14
What is the remainder when 3292 is divided by 34?
28
What is the remainder when 691 is divided by 121?
86
Calculate the remainder when 163 is divided by 61.
41
Calculate the remainder when 592 is divided by 27.
25
What is the remainder when 471 is divided by 84?
51
What is the remainder when 2018 is divided by 81?
74
Calculate the remainder when 424 is divided by 91.
60
What is the remainder when 20 is divided by 11?
9
What is the remainder when 5228 is divided by 24?
20
Calculate the remainder when 1807 is divided by 597.
16
Calculate the remainder when 216 is divided by 57.
45
What is the remainder when 1026 is divided by 14?
4
Calculate the remainder when 10368 is divided by 11.
6
Calculate the remainder when 54 is divided by 2.
0
Calculate the remainder when 84 is divided by 19.
8
Calculate the remainder when 390 is divided by 41.
21
What is the remainder when 294 is divided by 50?
44
Calculate the remainder when 2964 is divided by 149.
133
What is the remainder when 4802 is divided by 209?
204
What is the remainder when 340 is divided by 31?
30
Calculate the remainder when 863 is divided by 87.
80
Calculate the remainder when 2645 is divided by 42.
41
Calculate the remainder when 130 is divided by 123.
7
Calculate the remainder when 29 is divided by 14.
1
What is the remainder when 4283 is divided by 58?
49
What is the remainder when 896 is divided by 25?
21
Calculate the remainder when 897 is divided by 100.
97
Calculate the remainder when 452 is divided by 113.
0
What is the remainder when 168 is divided by 61?
46
What is the remainder when 21 is divided by 8?
5
What is the remainder when 2044 is divided by 409?
408
Calculate the remainder when 293 is divided by 174.
119
Calculate the remainder when 13 is divided by 12.
1
What is the remainder when 1305 is divided by 119?
115
Calculate the remainder when 681 is divided by 57.
54
What is the remainder when 53 is divided by 15?
8
What is the remainder when 3465 is divided by 68?
65
What is the remainder when 547 is divided by 79?
73
Calculate the remainder when 506 is divided by 35.
16
Calculate the remainder when 227 is divided by 40.
27
Calculate the remainder when 10692 is divided by 17.
16
Calculate the remainder when 115 is divided by 12.
7
What is the remainder when 14 is divided by 9?
5
What is the remainder when 671 is divided by 96?
95
What is the remainder when 50 is divided by 30?
20
Calculate the remainder when 177 is divided by 58.
3
What is the remainder when 39 is divided by 10?
9
What is the remainder when 476 is divided by 181?
114
Calculate the remainder when 2734 is divided by 16.
14
What is the remainder when 760 is divided by 370?
20
What is the remainder when 171 is divided by 36?
27
What is the remainder when 521 is divided by 25?
21
Calculate the remainder when 294 is divided by 30.
24
What is the remainder when 30087 is divided by 177?
174
Calculate the remainder when 432 is divided by 31.
29
What is the remainder when 688 is divided by 78?
64
What is the remainder when 25 is divided by 5?
0
What is the remainder when 122 is divided by 102?
20
Calculate the remainder when 281 is divided by 246.
35
What is the remainder when 114 is divided by 30?
24
Calculate the remainder when 2852 is divided by 948.
8
What is the remainder when 136 is divided by 3?
1
What is the remainder when 51 is divided by 13?
12
Calculate the remainder when 130 is divided by 36.
22
What is the remainder when 1219 is divided by 13?
10
Calculate the remainder when 302 is divided by 32.
14
Calculate the remainder when 1146 is divided by 9.
3
Calculate the remainder when 151 is divided by 17.
15
What is the remainder when 952 is divided by 94?
12
What is the remainder when 289 is divided by 7?
2
Calculate the remainder when 1444 is divided by 578.
288
Calculate the remainder when 447 is divided by 195.
57
Calculate the remainder when 172 is divided by 4.
0
Calculate the remainder when 62 is divided by 49.
13
What is the remainder when 313 is divided by 15?
13
Calculate the remainder when 549 is divided by 56.
45
What is the remainder when 209 is divided by 14?
13
What is the remainder when 1787 is divided by 130?
97
Calculate the remainder when 646 is divided by 155.
26
What is the remainder when 71 is divided by 56?
15
What is the remainder when 402 is divided by 113?
63
What is the remainder when 84 is divided by 17?
16
Calculate the remainder when 45 is divided by 10.
5
What is the remainder when 1269 is divided by 252?
9
Calculate the remainder when 24 is divided by 11.
2
Calculate the remainder when 896 is divided by 20.
16
Calculate the remainder when 53 is divided by 15.
8
Calculate the remainder when 7 is divided by 3.
1
Calculate the remainder when 2128 is divided by 13.
9
Calculate the remainder when 153 is divided by 26.
23
What is the remainder when 259 is divided by 74?
37
Calculate the remainder when 209 is divided by 42.
41
Calculate the remainder when 1449 is divided by 11.
8
Calculate the remainder when 5734 is divided by 441.
1
What is the remainder when 714 is divided by 181?
171
Calculate the remainder when 980 is divided by 142.
128
Calculate the remainder when 158 is divided by 48.
14
Calculate the remainder when 794 is divided by 82.
56
Calculate the remainder when 222 is divided by 32.
30
Calculate the remainder when 5323 is divided by 15.
13
What is the remainder when 483 is divided by 149?
36
Calculate the remainder when 2463 is divided by 11.
10
Calculate the remainder when 312 is divided by 54.
42
Calculate the remainder when 148 is divided by 42.
22
What is the remainder when 4683 is divided by 22?
19
What is the remainder when 37644 is divided by 7?
5
Calculate the remainder when 2613 is divided by 14.
9
What is the remainder when 153 is divided by 53?
47
What is the remainder when 2013 is divided by 38?
37
Calculate the remainder when 37 is divided by 7.
2
Calculate the remainder when 24 is divided by 15.
9
Calculate the remainder when 514 is divided by 54.
28
What is the remainder when 2118 is divided by 130?
38
Calculate the remainder when 55 is divided by 15.
10
Calculate the remainder when 4847 is divided by 97.
94
What is the remainder when 133 is divided by 15?
13
What is the remainder when 1797 is divided by 75?
72
What is the remainder when 5905 is divided by 19?
15
What is the remainder when 235 is divided by 123?
112
Calculate the remainder when 270 is divided by 87.
9
What is the remainder when 47 is divided by 10?
7
Calculate the remainder when 1730 is divided by 193.
186
Calculate the remainder when 63 is divided by 35.
28
Calculate the remainder when 31 is divided by 4.
3
What is the remainder when 6215 is divided by 230?
5
What is the remainder when 190 is divided by 46?
6
What is the remainder when 46 is divided by 9?
1
What is the remainder when 49 is divided by 34?
15
What is the remainder when 272 is divided by 47?
37
Calculate the remainder when 684 is divided by 16.
12
Calculate the remainder when 1726 is divided by 173.
169
What is the remainder when 357 is divided by 179?
178
What is the remainder when 6664 is divided by 31?
30
What is the remainder when 52 is divided by 5?
2
What is the remainder when 638 is divided by 40?
38
What is the remainder when 105 is divided by 37?
31
What is the remainder when 704 is divided by 47?
46
What is the remainder when 388 is divided by 76?
8
What is the remainder when 5989 is divided by 1992?
13
What is the remainder when 6227 is divided by 9?
8
Calculate the remainder when 567 is divided by 16.
7
What is the remainder when 688 is divided by 32?
16
What is the remainder when 344 is divided by 23?
22
Calculate the remainder when 449 is divided by 90.
89
Calculate the remainder when 158 is divided by 61.
36
Calculate the remainder when 705 is divided by 265.
175
Calculate the remai